d**4/24 - 3*d**3 - 3*d**2. Let f be c(-10). What are the prime factors of (39/(-4))/(3/f)?
2, 13
List the prime factors of 1 - (-413 + (-21)/3).
421
Let o be -23 + (-3 - (0 - 5)). Let n = -26 - o. Let w(s) = s**2 - 3*s - 6. List the prime factors of w(n).
2, 17
What are the prime factors of 121/(-66) - (-1)/(-6) - -411?
409
What are the prime factors of (-1554)/(-6) + 27/(-9)?
2
Let i be 3 + -3 - -7*7. List the prime factors of ((-20)/(1 - 0))/((-14)/i).
2, 5, 7
Suppose 5*a = -3*i + 13620, 29*a = 25*a + 5*i + 10896. What are the prime factors of a?
2, 3, 227
Let g = 46 - 38. Let b(c) = 3*c - 19. What are the prime factors of b(g)?
5
Let b(x) = -x**3 - 10*x**2 - 11*x. Let y be 10/((-1)/(-3 + 4)). Let r be b(y). Suppose -4*n - n = -r. What are the prime factors of n?
2, 11
Suppose -784 + 76 = -6*q. List the prime factors of q.
2, 59
Let k = 2375 - 1117. Suppose k = 6*j + 418. List the prime factors of j.
2, 5, 7
Suppose -85 - 885 = -x. What are the prime factors of x?
2, 5, 97
Suppose -3*z + 0*z = -3*d - 18, 4*d - 3 = -5*z. Let b be (16 - 8 - 10)*(1 - 12). What are the prime factors of b - (2 - z)*3?
5
Suppose 0 = 13*l - 16943 + 1187. List the prime factors of l.
2, 3, 101
Let b(o) = -o**3 - 14*o**2 - 6*o - 15. Let d be b(-14). Let u = d + -3. Suppose m = -3, -4*y + 2*y = 4*m - u. What are the prime factors of y?
3, 13
Suppose -5*d + 4*v = -1242, 4*d - 636 = 4*v + 356. Let k = -154 + d. List the prime factors of k.
2, 3
Let s(h) = -h**3 - 4*h**2 - 6*h - 5. Let r be s(-4). Let m = -16 + r. Suppose 2*v = -3*v - 5*j + 95, -m*j = -4*v + 111. What are the prime factors of v?
2, 3
Suppose 4*u = -0 + 8. Suppose -3*z = u*z - 265. What are the prime factors of z?
53
Let h = 29 + -21. Suppose p - u = 3, -2 = 2*p + 4*u - h. Suppose 0 = -p*z - 6, -3*z - 59 = -3*t + z. List the prime factors of t.
17
Let p be (2/(-4))/(3/(-12)). Suppose -5*f = -3*l + 107, p*f + 4*l = 3*f + 18. Let u = f + 43. List the prime factors of u.
3, 7
Let c(q) = -4 + q + 11 - q - q. Let b be c(0). Suppose 0*l = l - b. List the prime factors of l.
7
Let i(s) = s**2 + 13*s + 8. Suppose 3*z = -z + 28. Let t(m) = -m**3 + 8*m**2 - 10*m + 8. Let q be t(z). What are the prime factors of i(q)?
2
List the prime factors of 2055/2*(-3 - 143/(-39)).
5, 137
Let s be -302 + 4/(-3 + -1). Let b = s - -574. List the prime factors of b.
271
Suppose -24 = -0*y - 4*y. Let h(b) = 3*b**2 + y*b + b**3 - 3 + 3*b**2 - 10*b**2. List the prime factors of h(5).
2, 13
Suppose -7*w - 3*s + 867 = -3*w, -2*w = -4*s - 450. Let i = 376 - w. What are the prime factors of i?
157
Suppose -4*b + 2*h = -74, -9 = -4*b + 3*h + 62. Let w(u) = -35 - 18*u + 10 + b*u. List the prime factors of w(17).
3
Let a(s) be the second derivative of s**6/30 + s**5/24 + s**4/12 + s**3 - s. Let o(w) be the second derivative of a(w). List the prime factors of o(-2).
2, 5
Suppose -6 = -2*u - 2*x + 16, 4*u - 5*x - 80 = 0. Let j = u + -21. Let b = j - -15. List the prime factors of b.
3
Let v = -1495 + 2316. What are the prime factors of v?
821
Suppose -n + 478 = -9*d + 5*d, 3*n + 3*d - 1404 = 0. What are the prime factors of n?
2, 5, 47
Suppose -25 = -4*b + 5*s, b = 3*s - 0*s + 15. Suppose b = 2*g + 3*g - 240. What are the prime factors of g?
2, 3
Let y be 15/40 - (-33)/(-24). What are the prime factors of (-1*(-3 - y))/((-4)/(-222))?
3, 37
What are the prime factors of (2234 - (-42)/(-6)) + -8?
7, 317
Let p(b) = -115*b - 788. What are the prime factors of p(-41)?
3, 7, 11, 17
Suppose g = j - 35, -4*g + 145 = -8*g + 3*j. Let r = 148 - 81. Let a = g + r. What are the prime factors of a?
3
Suppose 0 = 2*r - 528 - 756. What are the prime factors of r?
2, 3, 107
List the prime factors of (10/8)/((-51)/(-19380)).
5, 19
Let l(a) be the second derivative of -a**3/2 + 9*a**2/2 - 6*a. List the prime factors of l(0).
3
Suppose 3*r - 6 = -3*w - 0, -3*w = r - 10. Suppose 0 = w*p - 5*v - 44, -5*p - 5*v - 1 + 11 = 0. List the prime factors of p.
2, 3
Let h = 1276 - 884. List the prime factors of h.
2, 7
Suppose 5*l - 1460 = 555. What are the prime factors of l?
13, 31
Suppose -3*s + 9 = 0, -s = 4*v - 6*s - 6401. List the prime factors of v.
2, 401
Suppose 0*g + 3*g + 45 = 0. Let r = 17 + g. Suppose 67 - 27 = r*h. What are the prime factors of h?
2, 5
Let i(u) = -3*u**2 - 21*u + 10. Let a(g) = -5*g**2 - 32*g + 15. Let y(z) = 5*a(z) - 8*i(z). Let o be y(8). What are the prime factors of (-4)/(-5)*o/(-2)?
2
Let w be (-3)/(-12) - (-3 - 65/(-4)). Let c = w - -24. What are the prime factors of c?
11
Suppose 12*h - 1474 = h. Let p = h - 57. What are the prime factors of p?
7, 11
Let c be 7 - 2/(2/3). Suppose w = -2*u - c, 2*u - 4*w - 6 = -0. List the prime factors of 1/((-4)/(-112)) + u.
3
Let t(v) = -2*v - 2*v**3 + v**3 - 5*v**2 - v + 3 - v**3. List the prime factors of t(-4).
3, 7
Let m be -2*(3 + 0 + -4). Let q = 2 + 1. Suppose -84 = -5*k + m*b, 3*k = -0*k - q*b + 63. What are the prime factors of k?
2, 3
Suppose -2 = -4*r - 2*a - 8, a = r - 6. Let o(n) = -8*n + 15. Let w be o(2). List the prime factors of (-2 - r - w) + 21.
19
List the prime factors of (40/25)/(4/100).
2, 5
Let f(b) = b**2 - 7*b + 14. Let j be f(11). Let z = j + -16. Suppose -2*o + 38 = -z. List the prime factors of o.
2, 5
Let h(j) = 8*j**2 - 12. Let b be h(7). Suppose 10*x = 5*x + b. What are the prime factors of x?
2, 19
Let o = 12 - 10. Suppose -3*m + 23 = o*c - c, 2*m - 2 = 2*c. What are the prime factors of 7 - 5/(10/m)?
2
Let i = 6 - -20. Let m = -22 + i. What are the prime factors of ((-116)/(-8) + m)*2?
37
Let q(o) be the first derivative of -2*o**2 - 9*o + 13. What are the prime factors of q(-16)?
5, 11
Let g be 1 - (-1)/2*-2. Let t be 56/(-32) + (-25)/20 - -6. Suppose -t*r + r + 5*u + 70 = g, -4*u = -3*r + 119. List the prime factors of r.
3, 5
Let p(x) = -7*x - 14. Let o be p(-4). List the prime factors of 144/(-3)*o/(-8).
2, 3, 7
Suppose 5*h + 66 = 251. Suppose p = v - 17, -h = -v - 3*p - p. Suppose -2*i + 5*m = -40, -i - 4*m = 1 - v. What are the prime factors of i?
2, 5
Let f = -120 + 161. What are the prime factors of f?
41
Let k(g) = g**3 - 4*g**2 - 3*g - 18. Let r be k(8). Suppose 549 - r = 5*n. List the prime factors of n.
67
Let m = -2862 - -7973. List the prime factors of m.
19, 269
Let h(n) be the first derivative of -4*n**2 + 3*n - 6. What are the prime factors of h(-1)?
11
Let t = -91 - -232. What are the prime factors of t?
3, 47
Let f(n) = n**3 - 10*n**2 + 4. Let a be f(10). Suppose -a*h = -5*o + 9, -13 = -5*o - 0*h + 3*h. List the prime factors of o.
5
What are the prime factors of 51 - 41 - (-6634)/2?
3, 1109
Let i(p) = 29*p + 318. List the prime factors of i(18).
2, 3, 5, 7
Let u be 0*(2/(-4) - 0). Let q = 30 + u. Suppose -5*c + 0*c = z - q, 3*c = -2*z + 25. List the prime factors of z.
5
Let d(u) = -21*u**2 + u - 1. Let a be d(1). Suppose -4*b + 517 = 7*b. Let h = a + b. List the prime factors of h.
2, 13
Let k(y) = -3*y**2 - 14*y - 5. Let p be k(-9). What are the prime factors of (p/(-4))/(5/10)?
61
Let d = 131 - 130. What are the prime factors of (3/6*-1)/(d/(-386))?
193
Let a be -5*-3*4/30. Suppose i = -4, -4*k - a*i + 214 = -2*k. List the prime factors of k.
3, 37
Suppose 0 = 21*g + 21*g - 250488. List the prime factors of g.
2, 3, 7, 71
Suppose h = 5*h - 2*h. Suppose h = 12*d - 16*d + 572. List the prime factors of d.
11, 13
Let j = 63 - -61. Suppose 0 = -5*f + 116 + j. List the prime factors of f.
2, 3
Let y = 50 - 46. Suppose 5*n = -y*j + 359, -2*j - 3*j + 465 = 3*n. List the prime factors of j.
2, 3
List the prime factors of -11 + 39*40 - 12/2.
1543
Let a(w) = -9*w - 11 - w**2 - 7*w + w - 14. What are the prime factors of a(-11)?
19
Suppose 6*z = 2*z + 1700. What are the prime factors of z?
5, 17
List the prime factors of 1/(-6) - 62721/(-162).
3, 43
Suppose -607 = 9*c - 10*c + m, -5*c + 2*m + 3035 = 0. List the prime factors of c.
607
Let f(z) = 4*z - 18. Let t be (3/(-9))/(3/(-54)). Let m be f(t). Suppose 0 = -2*h + m + 2. List the prime factors of h.
2
Suppose -95*f + 140*f - 118215 = 0. List the prime factors of f.
37, 71
Let s = -160 + 28. Let n = 20 - s. What are the prime factors of n?
2, 19
Let f(t) = t**3 + 8*t**2 + 6*t + 11. List the prime factors of f(-3).
2, 19
Let f(g) = 283*g - 42. What are the prime factors of f(8)?
2, 11, 101
Suppose -